 be u(-5). What is the units digit of (-20700)/(-315) - 2*2/k?
6
Let f = 36 - -523. What is the tens digit of f?
5
Suppose -4*x = -4*a + 3932, 3959 = 4*a + 4*x + x. What is the units digit of a?
6
Let b(a) = -14*a**3 + 2*a**2 - a. Let r be b(1). Let f = 33 - r. What is the units digit of f?
6
Let x(n) = -2*n + 5. Let q be x(1). Suppose -s + 419 = -2*y + 5*y, q*s = -5*y + 697. What is the units digit of y?
0
Suppose 5*d + 22 = -4*a, 5*d + 1 = 3*a - 0*a. Let s(t) = -2*t**3 + t**2 + t - 8. What is the tens digit of s(a)?
5
Let q = -9722 + 13684. What is the tens digit of q?
6
Suppose 2*a - 5 = a. Suppose -3*n = 3*t - 255, 10*n = t + a*n - 97. What is the units digit of t?
7
Let w = -130 + 130. Suppose w = -2*x - 7*x + 1386. What is the tens digit of x?
5
Let q(j) = -4*j - 12. Let p be q(-4). Suppose 5*w = v + 9, 8 = p*v + 2*w - 0. What is the units digit of v?
1
Suppose 0 = 5*w - 4*y - 77, 5*y + 41 = 3*w - 0*w. Let l = w - 25. What is the tens digit of (-5)/((l/36)/2)?
4
Suppose 6*r - 12 - 6 = 0. Suppose -5*f - r*s = -486, -290 = -5*f + 3*s + 184. What is the tens digit of f?
9
Let w = -1 + -2. Let p(g) = -g**3 - 9*g**2 + 12*g + 17. Let k be p(-10). What is the units digit of 1/w + (-43)/k?
4
Suppose 3*z + 4*h = 20, z = 6*z - 2*h - 42. What is the tens digit of -5*z/1*3/(-10)?
1
Let p(x) = -3*x**3 + 98*x**2 + 44*x + 9. What is the units digit of p(33)?
2
Suppose -5*p + x - 12 = 2*x, 0 = 4*p - 5*x - 2. What is the units digit of 11 + (p - (-2 + -4))?
5
Let h = 3301 + -832. What is the units digit of h?
9
Let d = -26 - -12. Let h = -29 - d. Let b = -10 - h. What is the units digit of b?
5
Suppose 0 = -4*k - m + 25, -3*k + m + 17 = -0*k. Suppose k*z = -4*z + 1060. What is the hundreds digit of z?
1
Let n(b) be the second derivative of -1/3*b**4 - 8*b + 0 + 1/2*b**2 - 2/5*b**5 - 1/3*b**3. What is the units digit of n(-2)?
3
Suppose -724 = -4*p - 2*l, -p - 2*l + 17 + 170 = 0. Suppose -2*d + 5*o = -p, -4*d - 124 = -5*o - 477. What is the tens digit of d?
8
Let w = -8 - -60. Suppose 196 = 6*f + w. What is the units digit of f?
4
Suppose 0 = v + 6 - 9. Suppose -2*u + 256 = 2*f, v*f - u = -3*u + 379. What is the units digit of f?
3
Suppose 5*v - 12230 = -5*j, -4*j - 4868 = -59*v + 57*v. What is the units digit of v?
2
Let z = 165 + 277. What is the tens digit of z?
4
What is the tens digit of (-1347)/(-15)*(3 + 4 + -2)?
4
Let s(b) = -4*b + 15. What is the units digit of s(-10)?
5
Let b = 174 - 113. Let x = b + -59. What is the units digit of x?
2
Let g(t) = -3*t + 13. Let j be g(8). Let l = 24 + j. What is the units digit of l?
3
Let z = -9 - -13. Suppose -3*u = z*p - 40, -3*p - 4 - 16 = -4*u. Let f(q) = q**3 - 8*q**2 + 3*q - 9. What is the units digit of f(u)?
5
Let s = -203 + 1003. Suppose 0 = -0*g + 5*g + s. What is the tens digit of g/(-6) - 4/(-12)?
2
Suppose -2*u - 1 = 3*r - u, -13 = 4*r - u. What is the tens digit of r/7 + 1806/147?
1
Let o = -783 - -796. What is the units digit of o?
3
Let n = -35 - -38. Suppose 55 = k + 5*g, -4*g - 88 = -2*k - n*g. What is the tens digit of k?
4
Suppose 0*l = l. Suppose l = 3*m, 3*z + 0*m - 9 = 2*m. Suppose 2*k = -z*k + 110. What is the tens digit of k?
2
Suppose 2*g = -3*f + 2, 15 = -3*f + 3*g - 3. What is the units digit of 94 + f - (14 - 14)?
2
Let n(r) = 2*r**3 + 10*r**2 + 9*r - 6. Let s(k) = -k**3 - 1. Let a(j) = -n(j) - s(j). Let c be a(-8). What is the tens digit of c/(-3) - 4/(-6)?
1
Suppose 1 = -10*u - 59. What is the tens digit of 2 + 1308/28 + u/(-21)?
4
Let b = 53 + 368. Suppose 0 = -8*j + b + 779. What is the tens digit of j?
5
Let g(y) = 34*y**2 + 3*y - 7. What is the hundreds digit of g(-2)?
1
Let y be 1200 - 2/(9/6 - 2). Suppose -17*s + 10*s = -y. What is the hundreds digit of s?
1
What is the tens digit of 176/(-132) + (-5240)/(-6)?
7
Let d = 887 - 607. Suppose -6*r = -4*q - 4*r + d, -q + 61 = -5*r. What is the tens digit of q?
7
Suppose -23 + 19 = -u. Suppose 2*a - 50 = -3*p + 26, -u*p = 5*a - 176. What is the tens digit of a?
3
What is the units digit of (8/7)/2*469?
8
Let r be 4/(-22) + (-322236)/(-132). Suppose -305 = 8*i - r. What is the units digit of i?
7
Suppose 0 = 2*i - 20*i + 17586. What is the tens digit of i?
7
Suppose 5*a = 3*a - 14. Let d = a + 14. Let w = 6 + d. What is the tens digit of w?
1
Suppose -3*l - l = 0. Suppose l = -4*m - 19 + 107. Suppose -1 = -p + m. What is the tens digit of p?
2
Suppose -2*d + 120 = 3*f, -6*d + 7*d + 129 = 3*f. What is the units digit of f?
2
Let h be (-110)/(-4)*(-20)/(-25). Let y = h + -16. What is the units digit of y?
6
Let q = -242 - -1379. What is the units digit of q?
7
Let g be 15/(-45) + (-4)/6. What is the tens digit of 19 + (-1 - (g - 1))?
2
Let p = 18 - 22. What is the units digit of 1*(3/(-12) + (-493)/p)?
3
Let i(p) = 23*p + 1. Let j be i(5). Suppose 2*w = 6*w - j. Suppose w = 4*v - 7. What is the units digit of v?
9
Let h = -807 - -1142. What is the tens digit of h?
3
Let u = 295 - 88. What is the units digit of u?
7
Let k(l) = -2*l + 3. Let h be k(0). Let f = h - -3. What is the units digit of (-63)/(-6)*32/f?
6
Let t be 9/(-6) - 147/(-14). Let u(p) = -7*p + 5. Let x(f) = -6*f + 4. Let o(v) = 3*u(v) - 4*x(v). What is the tens digit of o(t)?
2
Let j(t) = t**2 + t + 2. Suppose 0 = 6*h - 3*h - 15. Suppose 5*i - 4*k + 15 = -11, 2*i - h*k + 24 = 0. What is the units digit of j(i)?
4
Suppose -2*w + 2*x = 0, x - 3*x = 5*w + 21. Let l be 11*22*w/6. Let o = -47 - l. What is the tens digit of o?
7
Let f = -445 + 539. What is the units digit of f?
4
Let r be (387/(-15) + 3)*(-30)/9. Suppose 0 = 2*g - g + u - r, 5*g = -u + 372. What is the tens digit of g?
7
Suppose -2249 = -15*u - 404. What is the hundreds digit of u?
1
Suppose -5*d + 1210 = -1090. What is the hundreds digit of d?
4
Suppose 7*i = -968 + 2543. What is the tens digit of i?
2
Suppose -3*w + 8*w = 205. Suppose -w*x + 36*x = -260. What is the tens digit of x?
5
Suppose -2*t - 12 = -2*h, 2*h - t + 9 = 19. Suppose h*q = 2*z + 328, z + 160 = 2*q - 2*z. What is the units digit of q?
3
Let r(m) be the second derivative of 11*m**3/3 + 3*m**2/2 - m. Let z(o) = 10*o + 362. Let s be z(-36). What is the units digit of r(s)?
7
Suppose 0 = 3*p + 9, 5 = 4*a - 0*p + p. Suppose 3*o = 4*f - 5, a*f + 11 = -4*o + o. Let j = 20 - o. What is the tens digit of j?
2
Suppose -u - 15 = -4*u. Suppose u*a = 8*a - 81. What is the tens digit of a?
2
What is the tens digit of ((-405)/(-36))/(2*(-3)/(-408))?
6
Let j(n) = 39*n**2 - 15*n - 67. What is the thousands digit of j(-9)?
3
Let h(u) = 3*u - 14. Let x = 98 - 90. What is the tens digit of h(x)?
1
Suppose 2339 = 2*a - 65. What is the hundreds digit of a?
2
Suppose -3*q + 2 = -7. Suppose t + 155 = q*f - 177, f = -2*t + 106. What is the hundreds digit of f?
1
Let a(x) = x**3 + 8*x**2 + 5*x - 3. Suppose 2*l - 90 = -3*l. Suppose 2*v = -2*b - l, -11 = b + 2*v + 3. What is the tens digit of a(b)?
4
Let x(h) = 0 + 0*h**3 + 7*h**2 + h**3 + 1 + 11 + 6*h. What is the units digit of x(-5)?
2
Suppose -25*s - 4702 + 69127 = 0. What is the hundreds digit of s?
5
Let k = -12 + 4. Let t(n) = n**2 + n + 1. Let u(l) = -5*l**2 + 2*l - 16. Let w(v) = -6*t(v) - u(v). What is the units digit of w(k)?
0
Suppose 8*p = 21726 + 4498. What is the hundreds digit of p?
2
Suppose 836*n - 839*n + 2058 = 0. What is the units digit of n?
6
Let z = 6779 + -4399. What is the hundreds digit of z?
3
Suppose 5*p - 36 = 2*p. Suppose 0 = -x - 3*x - p. What is the units digit of x/(((-21)/(-22))/(-7))?
2
Let w = -17 - -245. What is the hundreds digit of w?
2
Let p(a) = a**3 + 11*a**2 - 20*a + 7. What is the units digit of p(5)?
7
Suppose 3*h - 88 = 1925. What is the units digit of h?
1
Let g(i) = -681*i + 50. What is the hundreds digit of g(-4)?
7
Let l be (1545/(-21))/(-5) - (-4)/14. Let i(g) = -g**2 + 17*g + 13. Let u(n) = n. Let m(z) = -i(z) + 3*u(z). What is the units digit of m(l)?
2
Let u = -1694 - -3353. What is the units digit of u?
9
Suppose 4*j = -2*j + 456. Let z be (135/12)/(3/(-12)). Let t = j + z. What is the units digit of t?
1
Let q(m) = -2*m**3 - 3*m**2 - m - 2. Let a be q(-2). Let n be a/(-12) - (-4818)/9. What is the units digit of n/20 + (-6)/8?
6
Suppose 0 = -5*t + 5*v - 10, -20 = -3*t - 2*t - v. Suppose -3*s - 9 = 0, 5*d + t*s = d - 189. What is the tens digit of ((-36)/d